remainder when u(3) is divided by 33?
30
Suppose 0 = 5*p + 24 - 79. Suppose 2*a + 50 = 3*n - 9, 0 = -2*n - 5*a + 52. What is the remainder when n is divided by p?
10
Suppose 5*q + 16 - 51 = 0. What is the remainder when 1/3 + 59/3 is divided by q?
6
Suppose 0 = -m + 2*m - 4. Suppose 5*r + y = 28, 11 + 12 = m*r + y. What is the remainder when r is divided by 2?
1
Suppose -140 = -2*y - 3*y. Calculate the remainder when y is divided by (6/(-5))/((-58)/725).
13
Suppose -2*a + 4*b + 44 = 0, 7*a = 2*a + 3*b + 75. Let z = a + -4. Suppose -5*m - z = -38. Calculate the remainder when m is divided by 4.
2
Let i(g) = -3 - 8*g + 3*g - g - 8. Calculate the remainder when i(-8) is divided by 13.
11
Let a(d) = 9*d - 8. Let p be a(8). Let i = -29 + p. Calculate the remainder when i is divided by 9.
8
Let i = -49 - -64. Calculate the remainder when 208 is divided by i.
13
Let w(f) = -12*f - 9. Calculate the remainder when w(-6) is divided by 17.
12
Suppose -10 = -2*j + 2*c + 60, 77 = 3*j + 4*c. What is the remainder when 213 is divided by j?
27
What is the remainder when (-1046)/(-8) + 10/40 is divided by 33?
32
What is the remainder when 4 is divided by 3*(-4 - 10/(-2))?
1
What is the remainder when (-4)/12 + (-58)/(-3) is divided by 2*-1*35/(-10)?
5
Let z = 4 - -2. Suppose -z - 9 = -f. Let u(d) = d**2 + 2*d + 4. Calculate the remainder when u(-6) is divided by f.
13
Suppose -224 = -3*f - 38. Let o = -26 + f. What is the remainder when o is divided by 19?
17
Let z = 84 - 58. Suppose 2*w = -4*n + 312, 3*w + 225 = 2*n + n. Calculate the remainder when n is divided by z.
25
Suppose -2*f = f - 6, 0 = -w - 2*f + 6. Suppose w*a - 8 + 2 = 0. What is the remainder when 11 is divided by a?
2
Let r(y) = -y**3 - 7*y**2 + 9*y - 2. Let j be r(-8). Let l = 28 + j. What is the remainder when 34 is divided by l?
16
Suppose 21*p - 16*p = 1495. What is the remainder when p is divided by 60?
59
Let u be ((-5)/15)/(2/42). Let z(q) = -q**3 - 7*q**2 - 3*q - 5. What is the remainder when 63 is divided by z(u)?
15
Let m be 2*(2 - (2 - 2)). Suppose -2*p = 2*c - 28, -m*p + 44 = -2*c + 3*c. Calculate the remainder when 18 is divided by p.
8
Calculate the remainder when 50 is divided by 15/(-25) - (-186)/10.
14
Suppose 4 = 6*z - 2*z. Let x = 12 - 10. What is the remainder when x is divided by z?
0
Let o = 26 - 25. Calculate the remainder when 1 is divided by o.
0
Suppose -84 = -4*b + b. What is the remainder when 83 is divided by b?
27
Suppose -4*c + 154 = 30. What is the remainder when 105 is divided by c?
12
Suppose 5*v + 2*h = 3*v + 108, -108 = -2*v - h. What is the remainder when v is divided by 11?
10
Let n(a) = a**3 - a**2 - a + 2. Calculate the remainder when n(3) is divided by 5.
2
Suppose -2*r + 64 = 4*q - 3*r, -4*q + 64 = r. What is the remainder when 39 is divided by q?
7
Let f(a) = -5*a**2 + 14*a**2 - 3*a - 8*a**2 + 5. What is the remainder when f(5) is divided by 9?
6
Suppose -2*y + 32 = 2*y. Calculate the remainder when 24 is divided by y.
0
Let b(j) = -3*j - 12. Suppose m + 7 = -k - 16, -m = -k + 25. Let t be m/3 + (2 - 2). What is the remainder when b(t) is divided by 7?
5
Suppose 0*n = 5*d - 2*n - 375, -20 = -4*n. What is the remainder when d is divided by 40?
37
Suppose -5*u + 247 = 3*c - 10*u, -u + 217 = 3*c. Calculate the remainder when c is divided by 25.
24
Suppose 5*v = -2*p + p - 15, -3*v - 2 = 2*p. Let q(l) = 2*l + 4. What is the remainder when 52 is divided by q(p)?
10
Suppose 4*c = -3*k + 16, -c + k = -7 + 3. Calculate the remainder when 22 is divided by c.
2
Let f(w) = -w**3 - 6*w**2 - 6*w + 2. What is the remainder when f(-6) is divided by 13?
12
Let c(w) = w**2 - 6*w + 4. What is the remainder when 37 is divided by c(7)?
4
Let s(k) = -5*k - 10. What is the remainder when s(-15) is divided by 22?
21
Let r(w) = w**3 - 4*w**2 + 6*w - 6. Let v = -12 - -19. Calculate the remainder when r(4) is divided by v.
4
Let c(k) = 2*k**2 - 6*k + 1. Suppose 4*n + 47 = 3*t, -3*t + 63 = -2*n + 14. What is the remainder when t is divided by c(4)?
8
Suppose 3*z = z + 6. What is the remainder when 15 is divided by z?
0
Let t(m) = -m**2 + m + 5. Let q be t(0). Suppose -93 = -q*s + 2*w - 5*w, 5*w - 41 = -2*s. What is the remainder when 69 is divided by s?
15
Let x(l) = -l**2 + 11*l - 5. Calculate the remainder when x(4) is divided by 13.
10
What is the remainder when 5 is divided by -2 + 15/5 - (0 - 0)?
0
Suppose 3 = 5*v + 23. Let w(g) = -g**3 - 3*g**2 + 5*g + 4. Let h be w(v). Suppose h = 2*x - 2 - 18. What is the remainder when 18 is divided by x?
8
Suppose -3*a + 3*k - 39 = 0, 3*a = -2*a - k - 77. Calculate the remainder when (-28)/10*a*1 is divided by ((-10)/2)/(1/(-3)).
12
Suppose j + 54 = 7*j. What is the remainder when 34 is divided by j?
7
Let h(z) = z - 4 - 2*z**2 - z**2 + 4*z**2. Let o be h(3). Suppose -2*k + 12 = -o. Calculate the remainder when k is divided by 4.
2
Let w = 19 + -8. Suppose -3*z + 16 = 4. Suppose -2*c + 20 = -5*r, 2*c + z*r = -c + 76. What is the remainder when c is divided by w?
9
Let o(r) = r**2 + r. Let k be o(-2). Let d be ((-9)/k)/(1/(-2)). Suppose 3*s + d = 51. Calculate the remainder when s is divided by 4.
2
Suppose 5*m - 15 + 0 = 0. Suppose -1 = m*z + 2. Calculate the remainder when z/(-2 + 9/6) is divided by 1.
0
Let g = 31 + -27. Calculate the remainder when 11 is divided by g.
3
Let j = -6 + 15. What is the remainder when 43 is divided by j?
7
What is the remainder when (-1 - (-1 + -12))*16/2 is divided by 49?
47
Let g be 143/4 + 2/8. Suppose r - 40 = 3*f, 3*r = -f - g + 166. What is the remainder when r is divided by 23?
20
Let v(w) = 5*w + 1 - 3 - 6 - 2*w. What is the remainder when 37 is divided by v(6)?
7
Let z(h) = h**2 + 3*h + 2. Suppose -5*t + q = 15, 4*q + 8 = 2*t + t. Let r be z(t). Calculate the remainder when 392/r + 6/(-18) is divided by 22.
21
Let p = -98 + 100. Let s = 4 - 1. Suppose 12 = s*m - 0*m. What is the remainder when m is divided by p?
0
Let o(f) = 6*f + 2. Suppose 0 = 2*u - 2. What is the remainder when 13 is divided by o(u)?
5
Let i(n) = 9*n + 3 - 5 + 3. Let m be ((-5)/(-3))/(10/12). Calculate the remainder when i(m) is divided by 5.
4
Let j(o) = -o**2 + 4*o - 4. Let v be j(2). Suppose v = 3*k + 2*k - 75. Calculate the remainder when k is divided by 4.
3
Let u = -4 - -4. Suppose u*j + 3*j + 349 = 5*k, 357 = 5*k + j. What is the remainder when k is divided by 24?
23
Suppose o = s - 1, -8 = 5*o - 4*s + 1. Let q be o/(5/(-2)) + 0. Suppose 4*j = j - q*r + 22, j - 12 = -3*r. Calculate the remainder when 17 is divided by j.
5
Suppose -q = -2*g - 39, 4*g - 107 = -3*q - 0*q. Let m = 18 + 3. Suppose 0 = 3*v - 18 - m. Calculate the remainder when q is divided by v.
11
Suppose 5*c - 2*j = j - 174, -3*c - 114 = 3*j. Calculate the remainder when 53 is divided by 128/9 - (-8)/c.
11
Suppose 3*v + 18 = -0*v. Suppose -3*t - 4 = 4*p - 1, -p = 0. Let g = t - v. What is the remainder when 14 is divided by g?
4
Let p(l) = 4*l + 1. Let z be p(1). Let g = 4 + z. Let t(d) = d + 2. What is the remainder when t(g) is divided by 6?
5
Let g(m) = 17*m**2 + 2*m - 1. Suppose -2*a + 11 = -u - 2*u, 5*a + 4 = -3*u. Suppose -42*q - 25 = -47*q. What is the remainder when g(a) is divided by q?
3
Let l = 430 + -302. What is the remainder when l is divided by 43?
42
Let z(v) = v**3 + 4*v**2 + v - 3. Let m be z(-3). Let u(o) = -o**3 + 5*o**2 + 5*o - 2. Calculate the remainder when u(5) is divided by (160/(-30))/((-2)/m).
7
Suppose -3*j = -j + 2*y + 8, j + 7 = -4*y. Let p(w) = -w**3 + w**2 + 3*w + 1. Calculate the remainder when p(j) is divided by 10.
8
Suppose -3*z + 13 = -2. Suppose 0 = 4*d - j - 92, 0*d + z*j = -4*d + 116. Suppose 0 = 4*i + i - 65. Calculate the remainder when d is divided by i.
11
Let o(a) = 2*a**3 + a**2. What is the remainder when 14 is divided by o(1)?
2
Let j(o) be the second derivative of -2*o - 1/6*o**3 + 3*o**2 + 0. What is the remainder when 44 is divided by j(-9)?
14
Suppose -2*p + 4*h + 44 = 0, 0 = -3*p - 5*h - 1 + 12. Let v = 29 - p. What is the remainder when 32 is divided by v?
15
Let p = -14 + -2. Let j = 29 + p. Let q = 17 + -10. Calculate the remainder when j is divided by q.
6
Suppose 3*l - o = l + 18, 2*l = -2*o + 12. Let x(j) = j**3 - 7*j**2 - 8*j + 10. Calculate the remainder when 37 is divided by x(l).
7
Let f 